What is the units digit of o(5)?
3
Suppose 4*i = 4*a + a - 3, 18 = 3*i + 3*a. Let b(w) = w**3 - 3*w**2 + 3*w - 1. Let f be b(i). Suppose f = 4*h - 2*h. What is the units digit of h?
4
Suppose 2 = n - 7. Let s = n + -4. Let w = s + -1. What is the units digit of w?
4
Suppose -3*u + 6*u = 45. Let h be (-5)/u - (-110)/6. Suppose -y = -2*i + 22, 5*y - h = -4*i + 12. What is the tens digit of i?
1
Suppose -2*l + l = -18. Suppose -6*g = -2*g - 4*f - 36, 4*g + 3*f = 36. Suppose -2*s + b = -g - l, -21 = -3*s - 5*b. What is the units digit of s?
2
Suppose -4*h + h = -126. What is the units digit of h?
2
Suppose -x + 3 = 0, -82 + 27 = 2*z - x. Let h = 63 + z. What is the tens digit of h?
3
Let l(o) = -o**3 + 7*o**2 - 2*o + 17. What is the tens digit of l(5)?
5
Let b = 14 + 54. What is the units digit of b?
8
What is the hundreds digit of (-202*1)/(7/(7/(-2)))?
1
Let t = 69 - 47. What is the tens digit of t?
2
Suppose -4*v = -1041 + 141. What is the tens digit of v?
2
Let i(a) be the third derivative of -a**4/24 + 11*a**3/6 - a**2. Let f be -1 - (15/25 - 16/10). What is the units digit of i(f)?
1
Suppose 3*p = t + 2*t - 129, -3*p = -2*t + 82. What is the units digit of t?
7
Suppose -2*j + 3*r = -29, -5*r + 3*r = -j + 14. What is the tens digit of j?
1
Let n be (2/(-4))/((-2)/24). Let y = 21 - n. What is the units digit of y?
5
Let z(o) = o**2 - 8*o - 6. Let b be z(9). What is the units digit of b/(6/8) + 1?
5
Let w(z) be the third derivative of -1/6*z**3 + 1/15*z**5 + 0*z - 1/12*z**4 + z**2 + 0. What is the units digit of w(-1)?
5
Let p = 16 + -12. Let x be (-13)/(-2) + (-1)/(-2). Let h = x - p. What is the units digit of h?
3
Suppose 4*u + 12 = -d, -4*u + 0*u = 2*d + 12. Let j(b) = -b**2 + b - 40. Let g be j(d). What is the units digit of (-32)/g*(-5)/(-2)?
2
What is the tens digit of 178/(-3)*42/(-28)?
8
Let z(b) = -b**2 - 9*b - 10. Let p be z(-7). Suppose -5*j = 4*n - 107, 3*j + p*n = 109 - 40. What is the units digit of j?
9
Let d(p) = p + 20. Let y be d(-17). Suppose 0*j + 16 = -4*j, -88 = -y*n + 4*j. What is the units digit of n?
4
Let p = 1 - -18. Let b be (-4)/(-6) + (-12)/(-9). Suppose 3*l - p = -b*v, -2*l - 3*v + 15 = 4. What is the units digit of l?
7
Suppose 3*a = -2*c + 18, -a + 14 = -2*c - 0. What is the tens digit of 98/a + (-2)/8?
1
Suppose 0 = 5*y - 0*y + 25. Let h(a) = 2*a**2 + 7*a - 1. What is the tens digit of h(y)?
1
Let b(g) = -g**3 - 6*g**2 + 7*g + 2. Let h be b(-7). What is the units digit of 9 - (1 + 1 - h)?
9
Suppose 3*j = x + 229, 5*j + 3*x - 169 = 236. What is the tens digit of j?
7
Let d be (2/(-1) - -3)*0. Suppose 2*o = -d*o - 2. What is the units digit of 2/4*10 - o?
6
Suppose 0 = 7*j - 5*j - 212. What is the hundreds digit of j?
1
Let v(r) = -r**2 + 8*r - 4. What is the units digit of v(6)?
8
What is the tens digit of 303 - (-3 + -5)/2?
0
Let g(a) = 2*a**3 + 4*a**2 - 3*a + 1. Let q be g(2). Suppose 0 = i + t - 9, 5*i - q = 2*i - t. What is the units digit of i?
9
Suppose -9 = -3*f, 3*f = 5*z + 6*f - 29. Let p be (z*2)/(4/2). Suppose -p*s = 3*t - 0*s - 12, -16 = -4*t - 4*s. What is the units digit of t?
4
Let c(z) = z**3 + 4*z**2 - 6*z - 4. Suppose 2*h + h = -5*q - 122, 4*q + 2*h + 98 = 0. Let k be (q/15)/(1/3). What is the units digit of c(k)?
1
Let r(j) = j**2 - 2. Let q be r(2). Let x be (0 - (-1 + -2))*q. What is the units digit of 4*(x/8 + 0)?
3
Let l = -39 - -55. What is the units digit of 4/l - (-19)/4?
5
Let p(s) be the second derivative of s**4/12 - 4*s**3/3 + 6*s**2 + s. Let d be p(8). Let u = -4 + d. What is the units digit of u?
8
Let b(r) = r**2 + r + 7. Let x be b(-5). What is the units digit of (x/6)/((-3)/(-4))?
6
Let s(d) = d**2 + 10*d + 7. Let n(l) = -3*l**2 - 29*l - 21. Let r(a) = -2*n(a) - 7*s(a). What is the tens digit of r(-10)?
1
Suppose 6*y - 504 = 2*y. What is the tens digit of y?
2
Suppose -j = 2*z - 18 - 65, -3*j - 5*z + 250 = 0. What is the tens digit of j?
8
Let m = 46 - 22. What is the units digit of m?
4
Let s(b) = b**3 - 3*b**2 - b + 3. Let j be s(5). What is the units digit of (j/4)/(6/4)?
8
Suppose -209 - 19 = -6*c. What is the tens digit of c?
3
Suppose 0*w = -4*w - 8. Let u(f) = -f**3 + 3*f**2 - 10*f - 7. Let g(z) = z**2 - 3*z - 2. Let t(x) = -7*g(x) + 2*u(x). What is the tens digit of t(w)?
1
Suppose n - d - 27 = 0, 4*d + 34 = 2*n - 16. Let b = -21 + n. Let w = b + 5. What is the tens digit of w?
1
Suppose 2*x + 5*s + 15 = -17, 24 = -2*x - 3*s. Let m(o) = -o**2 - 9*o + 8. What is the units digit of m(x)?
6
Let f = -204 + 374. What is the tens digit of f?
7
Let s(c) be the second derivative of c**5/20 - 7*c**4/12 + c**3/3 - 4*c**2 + c. What is the units digit of s(7)?
6
Suppose u = 6*u + m - 178, 0 = -u + 4*m + 44. What is the units digit of u?
6
Suppose f = 4*k + 72, 296 = 3*f + 3*k + k. What is the units digit of f?
2
What is the units digit of (26/6)/((-1)/(-3))?
3
Let p = 9 - 9. Suppose 0 = q - 5*k - 7, p*q + 4*k + 12 = 4*q. Suppose -20 = g - q*g. What is the units digit of g?
0
Let o be (-22)/4 - (-3)/6. Let z(c) = -2*c + 6 - 2 + 0*c. What is the units digit of z(o)?
4
Let y = 1 + -1. Suppose y*x + 2*a = 5*x - 9, 3*x = 5*a - 6. What is the units digit of x?
3
Let m = -28 - -33. Let g = 1 + -1. Let k = m + g. What is the units digit of k?
5
Suppose 9*z = 4*z + 10. Let a(f) = -3*f - 2 + z*f + 4. What is the units digit of a(-3)?
5
Let y(u) = -4*u + 3. Let g(v) = 2*v - 1. Let o(w) = -11*g(w) - 6*y(w). Suppose 4*s = 25 + 3. What is the units digit of o(s)?
7
Let q = -2 - -6. Suppose -q*b - k + 20 = 0, -5*b - 2*k - 8 = -33. Suppose 10 = 3*n - 4*a, -2*n + 3*a + b = -1. What is the units digit of n?
6
Let g = -47 - -244. What is the tens digit of g?
9
Suppose z - 2*j - 2 + 38 = 0, 3*j = 9. Let x = -20 - z. What is the units digit of x?
0
What is the units digit of -51*(0 - 6/9)?
4
Let m(l) = -4*l + 1 + 8*l**2 + 4*l**2 + 6*l. What is the tens digit of m(2)?
5
Let b(u) be the first derivative of -u**4/4 + 5*u**3/3 + 4*u**2 - 3*u - 3. What is the units digit of b(6)?
9
Let g(q) = 5*q**2 + 4*q - 11. Let t(k) = -6*k**2 - 4*k + 12. Let b(f) = -7*g(f) - 6*t(f). Let w be b(4). Suppose 0*o + w = o. What is the units digit of o?
5
Let l(s) = -4*s + 2. Let y be 2 + 4 - (-1 + 1). Let k = y + -8. What is the tens digit of l(k)?
1
Suppose -2889 + 981 = -12*p. What is the units digit of p?
9
Let k be 8/6*6/4. Suppose -4*w = -10 - 2. Suppose 0 = -k*c + w*c - 7. What is the units digit of c?
7
What is the tens digit of (-2 + -1)/((-16)/512)?
9
Suppose 3*z - 2*z + 3*k = 13, -4*z + 7 = 3*k. Let i(v) be the second derivative of -v**5/20 - v**4/6 - v**3/2 - v**2 - 4*v. What is the units digit of i(z)?
4
Let i(r) = -2*r**3 + 5*r**2 + 7*r - 3. What is the hundreds digit of i(-4)?
1
Suppose 4*c + 6 = 6*c. Suppose -c*d - 6 = 3*m, m - 3*m - 8 = 0. Suppose 18 = d*t + 3*r, 4*t - 3*r = -0*r. What is the units digit of t?
3
Suppose -3*z = 5*g + 204 - 1082, 5*g - 873 = 2*z. What is the units digit of g?
5
Let f(g) = -4*g**2 + 9*g - 6. Let t(o) = 3*o**2 - 8*o + 5. Let j(s) = -6*f(s) - 7*t(s). Let b be 1 + (-6 - -3)*1. What is the units digit of j(b)?
9
Suppose -4 = -h - 1. Suppose 115 = h*v - s, -5*s + 33 = 4*v - 3*v. What is the units digit of v?
8
Suppose -90 = 6*l + 6. Suppose 8 = -p + 2. What is the units digit of (-4 - l)/(p/(-4))?
8
Let y = 194 - 106. What is the tens digit of y?
8
Suppose -2*v = -19*v + 187. What is the tens digit of v?
1
Let t = -112 + 62. Let n = -31 - t. What is the units digit of n?
9
Suppose g - 29 = -5*n, 6*g - 10 = g + 2*n. Let o = g + -3. What is the units digit of o?
1
Let t be (-74)/14 - (-6)/21. What is the units digit of 0 + 50 + 2 + t?
7
Let x be ((-14)/8 + 1)*-4. Suppose -2*f = -3*f + x*i, -4*f + 5*i - 7 = 0. Let k(o) = -o**3 - 2*o**2 + 2*o + 4. What is the units digit of k(f)?
7
Let c(u) = -5*u**3 + 3*u**2 + 3*u + 7. What is the units digit of c(-3)?
0
Let f = -4 + 21. Suppose -4*o = -11 - f. What is the units digit of o?
7
Let w = 12 + -11. What is the units digit of 10 + 11 - (w + -1)?
1
Suppose 5*z + z = 300. What is the tens digit of z?
5
Let t = 513 + -315. What is the hundreds digit of t?
1
Let w be (-4)/(-20) - (-96)/20. Suppose 0 = 3*o + 2 - 8. Suppose -o*g - 45 = -w*g. What is the units digit of g?
5
Let a be (-3)/(((-36)/(-16))/(-3)). Suppose a*u + 37 = 141. What is th